{"id":205,"date":"2021-07-22T21:24:42","date_gmt":"2021-07-22T21:24:42","guid":{"rendered":"http:\/\/vitera.es\/?page_id=205"},"modified":"2023-07-17T00:52:04","modified_gmt":"2023-07-17T00:52:04","slug":"quienes-somos","status":"publish","type":"page","link":"https:\/\/domineklogistics.es\/?page_id=205","title":{"rendered":"QUIENES SOMOS"},"content":{"rendered":"\t\t<div data-elementor-type=\"wp-page\" data-elementor-id=\"205\" class=\"elementor elementor-205\">\n\t\t\t\t\t\t<section class=\"elementor-section elementor-top-section elementor-element elementor-element-3696900 elementor-section-boxed elementor-section-height-default elementor-section-height-default\" data-id=\"3696900\" data-element_type=\"section\" data-e-type=\"section\" data-settings=\"{&quot;background_background&quot;:&quot;classic&quot;}\">\n\t\t\t\t\t\t<div class=\"elementor-container elementor-column-gap-default\">\n\t\t\t\t\t<div class=\"elementor-column elementor-col-100 elementor-top-column elementor-element elementor-element-67cdf5e\" data-id=\"67cdf5e\" data-element_type=\"column\" data-e-type=\"column\" data-settings=\"{&quot;background_background&quot;:&quot;classic&quot;}\">\n\t\t\t<div class=\"elementor-widget-wrap elementor-element-populated\">\n\t\t\t\t\t<div class=\"elementor-background-overlay\"><\/div>\n\t\t\t\t\t\t<div class=\"elementor-element elementor-element-395250d elementor-widget elementor-widget-text-editor\" data-id=\"395250d\" data-element_type=\"widget\" data-e-type=\"widget\" data-widget_type=\"text-editor.default\">\n\t\t\t\t<div class=\"elementor-widget-container\">\n\t\t\t\t\t\t\t\t\t<h2 style=\"text-align: center;\"><span style=\"color: #ffb700;\">QUI\u00c9NES SOMOS<\/span><\/h2>\t\t\t\t\t\t\t\t<\/div>\n\t\t\t\t<\/div>\n\t\t\t\t\t<\/div>\n\t\t<\/div>\n\t\t\t\t\t<\/div>\n\t\t<\/section>\n\t\t\t\t<section class=\"elementor-section elementor-top-section elementor-element elementor-element-1fd5fe9 elementor-section-content-middle elementor-section-boxed elementor-section-height-default elementor-section-height-default\" data-id=\"1fd5fe9\" data-element_type=\"section\" data-e-type=\"section\">\n\t\t\t\t\t\t<div class=\"elementor-container elementor-column-gap-default\">\n\t\t\t\t\t<div class=\"elementor-column elementor-col-50 elementor-top-column elementor-element elementor-element-59b084f\" data-id=\"59b084f\" data-element_type=\"column\" data-e-type=\"column\">\n\t\t\t<div class=\"elementor-widget-wrap elementor-element-populated\">\n\t\t\t\t\t\t<div class=\"elementor-element elementor-element-f9b1c96 elementor-widget elementor-widget-text-editor\" data-id=\"f9b1c96\" data-element_type=\"widget\" data-e-type=\"widget\" data-widget_type=\"text-editor.default\">\n\t\t\t\t<div class=\"elementor-widget-container\">\n\t\t\t\t\t\t\t\t\t<h2 style=\"text-align: center;\">Company <strong>Founder<\/strong><\/h2><h3 style=\"text-align: center;\"><strong>Pablo Dominek<\/strong><\/h3>\t\t\t\t\t\t\t\t<\/div>\n\t\t\t\t<\/div>\n\t\t\t\t<div class=\"elementor-element elementor-element-60b9a19 elementor-widget elementor-widget-image\" data-id=\"60b9a19\" data-element_type=\"widget\" data-e-type=\"widget\" data-widget_type=\"image.default\">\n\t\t\t\t<div class=\"elementor-widget-container\">\n\t\t\t\t\t\t\t\t\t\t\t\t\t\t\t<img decoding=\"async\" width=\"138\" height=\"300\" src=\"https:\/\/domineklogistics.es\/wp-content\/uploads\/2021\/08\/WhatsApp-Image-2021-08-19-at-11.47.37-AM-138x300.jpeg\" class=\"attachment-medium size-medium wp-image-518\" alt=\"\" srcset=\"https:\/\/domineklogistics.es\/wp-content\/uploads\/2021\/08\/WhatsApp-Image-2021-08-19-at-11.47.37-AM-138x300.jpeg 138w, https:\/\/domineklogistics.es\/wp-content\/uploads\/2021\/08\/WhatsApp-Image-2021-08-19-at-11.47.37-AM.jpeg 143w\" sizes=\"(max-width: 138px) 100vw, 138px\" \/>\t\t\t\t\t\t\t\t\t\t\t\t\t\t\t<\/div>\n\t\t\t\t<\/div>\n\t\t\t\t\t<\/div>\n\t\t<\/div>\n\t\t\t\t<div class=\"elementor-column elementor-col-50 elementor-top-column elementor-element elementor-element-f6c0b96\" data-id=\"f6c0b96\" data-element_type=\"column\" data-e-type=\"column\">\n\t\t\t<div class=\"elementor-widget-wrap elementor-element-populated\">\n\t\t\t\t\t\t<div class=\"elementor-element elementor-element-fec4bad elementor-widget elementor-widget-text-editor\" data-id=\"fec4bad\" data-element_type=\"widget\" data-e-type=\"widget\" data-widget_type=\"text-editor.default\">\n\t\t\t\t<div class=\"elementor-widget-container\">\n\t\t\t\t\t\t\t\t\t<h5>Somos una firma especializada en dise\u00f1o, provisi\u00f3n e implementaci\u00f3n de soluciones tecnol\u00f3gicas. En este sentido, tenemos la capacidad de Dise\u00f1ar, Instalar y Mantener proyectos de gran envergadura garantizando los m\u00e1s altos niveles de calidad.<br \/><br \/>Contamos con expertos con m\u00e1s de 20 a\u00f1os en el sector, brindamos nuestros servicios a corporaciones e instituciones p\u00fablicas.<\/h5>\t\t\t\t\t\t\t\t<\/div>\n\t\t\t\t<\/div>\n\t\t\t\t\t<\/div>\n\t\t<\/div>\n\t\t\t\t\t<\/div>\n\t\t<\/section>\n\t\t\t\t<section class=\"elementor-section elementor-top-section elementor-element elementor-element-969b0d1 elementor-section-boxed elementor-section-height-default elementor-section-height-default\" data-id=\"969b0d1\" data-element_type=\"section\" data-e-type=\"section\">\n\t\t\t\t\t\t<div class=\"elementor-container elementor-column-gap-default\">\n\t\t\t\t\t<div class=\"elementor-column elementor-col-100 elementor-top-column elementor-element elementor-element-8c5a0e6\" data-id=\"8c5a0e6\" data-element_type=\"column\" data-e-type=\"column\">\n\t\t\t<div class=\"elementor-widget-wrap elementor-element-populated\">\n\t\t\t\t\t\t<div class=\"elementor-element elementor-element-c56768e elementor-widget elementor-widget-text-editor\" data-id=\"c56768e\" data-element_type=\"widget\" data-e-type=\"widget\" data-widget_type=\"text-editor.default\">\n\t\t\t\t<div class=\"elementor-widget-container\">\n\t\t\t\t\t\t\t\t\t<h2 style=\"text-align: center;\"><strong>Nuestro Equipo<\/strong><\/h2>\t\t\t\t\t\t\t\t<\/div>\n\t\t\t\t<\/div>\n\t\t\t\t\t<\/div>\n\t\t<\/div>\n\t\t\t\t\t<\/div>\n\t\t<\/section>\n\t\t\t\t<section class=\"elementor-section elementor-top-section elementor-element elementor-element-0140f9d elementor-section-boxed elementor-section-height-default elementor-section-height-default\" data-id=\"0140f9d\" data-element_type=\"section\" data-e-type=\"section\">\n\t\t\t\t\t\t<div class=\"elementor-container elementor-column-gap-default\">\n\t\t\t\t\t<div class=\"elementor-column elementor-col-50 elementor-top-column elementor-element elementor-element-24291dc\" data-id=\"24291dc\" data-element_type=\"column\" data-e-type=\"column\">\n\t\t\t<div class=\"elementor-widget-wrap elementor-element-populated\">\n\t\t\t\t\t\t<div class=\"elementor-element elementor-element-07cef13 elementor-widget elementor-widget-image\" data-id=\"07cef13\" data-element_type=\"widget\" data-e-type=\"widget\" data-widget_type=\"image.default\">\n\t\t\t\t<div class=\"elementor-widget-container\">\n\t\t\t\t\t\t\t\t\t\t\t\t\t\t\t<img fetchpriority=\"high\" decoding=\"async\" width=\"1024\" height=\"768\" src=\"https:\/\/domineklogistics.es\/wp-content\/uploads\/2023\/07\/WhatsApp-Image-2023-07-04-at-09.35.48.jpeg\" class=\"attachment-large size-large wp-image-731\" alt=\"\" srcset=\"https:\/\/domineklogistics.es\/wp-content\/uploads\/2023\/07\/WhatsApp-Image-2023-07-04-at-09.35.48.jpeg 1024w, https:\/\/domineklogistics.es\/wp-content\/uploads\/2023\/07\/WhatsApp-Image-2023-07-04-at-09.35.48-300x225.jpeg 300w, https:\/\/domineklogistics.es\/wp-content\/uploads\/2023\/07\/WhatsApp-Image-2023-07-04-at-09.35.48-768x576.jpeg 768w\" sizes=\"(max-width: 1024px) 100vw, 1024px\" \/>\t\t\t\t\t\t\t\t\t\t\t\t\t\t\t<\/div>\n\t\t\t\t<\/div>\n\t\t\t\t\t<\/div>\n\t\t<\/div>\n\t\t\t\t<div class=\"elementor-column elementor-col-50 elementor-top-column elementor-element elementor-element-81de65a\" data-id=\"81de65a\" data-element_type=\"column\" data-e-type=\"column\">\n\t\t\t<div class=\"elementor-widget-wrap elementor-element-populated\">\n\t\t\t\t\t\t<div class=\"elementor-element elementor-element-6d8b4fa elementor-widget elementor-widget-image\" data-id=\"6d8b4fa\" data-element_type=\"widget\" data-e-type=\"widget\" data-widget_type=\"image.default\">\n\t\t\t\t<div class=\"elementor-widget-container\">\n\t\t\t\t\t\t\t\t\t\t\t\t\t\t\t<img decoding=\"async\" width=\"1024\" height=\"768\" src=\"https:\/\/domineklogistics.es\/wp-content\/uploads\/2023\/07\/WhatsApp-Image-2023-07-03-at-15.14.57.jpeg\" class=\"attachment-large size-large wp-image-730\" alt=\"\" srcset=\"https:\/\/domineklogistics.es\/wp-content\/uploads\/2023\/07\/WhatsApp-Image-2023-07-03-at-15.14.57.jpeg 1024w, https:\/\/domineklogistics.es\/wp-content\/uploads\/2023\/07\/WhatsApp-Image-2023-07-03-at-15.14.57-300x225.jpeg 300w, https:\/\/domineklogistics.es\/wp-content\/uploads\/2023\/07\/WhatsApp-Image-2023-07-03-at-15.14.57-768x576.jpeg 768w\" sizes=\"(max-width: 1024px) 100vw, 1024px\" \/>\t\t\t\t\t\t\t\t\t\t\t\t\t\t\t<\/div>\n\t\t\t\t<\/div>\n\t\t\t\t\t<\/div>\n\t\t<\/div>\n\t\t\t\t\t<\/div>\n\t\t<\/section>\n\t\t\t\t<section class=\"elementor-section elementor-top-section elementor-element elementor-element-e36d636 elementor-section-boxed elementor-section-height-default elementor-section-height-default\" data-id=\"e36d636\" data-element_type=\"section\" data-e-type=\"section\">\n\t\t\t\t\t\t<div class=\"elementor-container elementor-column-gap-default\">\n\t\t\t\t\t<div class=\"elementor-column elementor-col-50 elementor-top-column elementor-element elementor-element-42bb89f\" data-id=\"42bb89f\" data-element_type=\"column\" data-e-type=\"column\">\n\t\t\t<div class=\"elementor-widget-wrap elementor-element-populated\">\n\t\t\t\t\t\t<div class=\"elementor-element elementor-element-8dbd2e5 elementor-widget elementor-widget-image\" data-id=\"8dbd2e5\" data-element_type=\"widget\" data-e-type=\"widget\" data-widget_type=\"image.default\">\n\t\t\t\t<div class=\"elementor-widget-container\">\n\t\t\t\t\t\t\t\t\t\t\t\t\t\t\t<img loading=\"lazy\" decoding=\"async\" width=\"1024\" height=\"768\" src=\"https:\/\/domineklogistics.es\/wp-content\/uploads\/2023\/07\/WhatsApp-Image-2023-07-03-at-15.20.12-1024x768.jpeg\" class=\"attachment-large size-large wp-image-732\" alt=\"\" srcset=\"https:\/\/domineklogistics.es\/wp-content\/uploads\/2023\/07\/WhatsApp-Image-2023-07-03-at-15.20.12-1024x768.jpeg 1024w, https:\/\/domineklogistics.es\/wp-content\/uploads\/2023\/07\/WhatsApp-Image-2023-07-03-at-15.20.12-300x225.jpeg 300w, https:\/\/domineklogistics.es\/wp-content\/uploads\/2023\/07\/WhatsApp-Image-2023-07-03-at-15.20.12-768x576.jpeg 768w, https:\/\/domineklogistics.es\/wp-content\/uploads\/2023\/07\/WhatsApp-Image-2023-07-03-at-15.20.12-1536x1152.jpeg 1536w, https:\/\/domineklogistics.es\/wp-content\/uploads\/2023\/07\/WhatsApp-Image-2023-07-03-at-15.20.12.jpeg 1600w\" sizes=\"(max-width: 1024px) 100vw, 1024px\" \/>\t\t\t\t\t\t\t\t\t\t\t\t\t\t\t<\/div>\n\t\t\t\t<\/div>\n\t\t\t\t\t<\/div>\n\t\t<\/div>\n\t\t\t\t<div class=\"elementor-column elementor-col-50 elementor-top-column elementor-element elementor-element-e8664c4\" data-id=\"e8664c4\" data-element_type=\"column\" data-e-type=\"column\">\n\t\t\t<div class=\"elementor-widget-wrap elementor-element-populated\">\n\t\t\t\t\t\t<div class=\"elementor-element elementor-element-cb58315 elementor-widget elementor-widget-image\" data-id=\"cb58315\" data-element_type=\"widget\" data-e-type=\"widget\" data-widget_type=\"image.default\">\n\t\t\t\t<div class=\"elementor-widget-container\">\n\t\t\t\t\t\t\t\t\t\t\t\t\t\t\t<img loading=\"lazy\" decoding=\"async\" width=\"1024\" height=\"768\" src=\"https:\/\/domineklogistics.es\/wp-content\/uploads\/2023\/07\/WhatsApp-Image-2023-07-03-at-15.16.21-1.jpeg\" class=\"attachment-large size-large wp-image-729\" alt=\"\" srcset=\"https:\/\/domineklogistics.es\/wp-content\/uploads\/2023\/07\/WhatsApp-Image-2023-07-03-at-15.16.21-1.jpeg 1024w, https:\/\/domineklogistics.es\/wp-content\/uploads\/2023\/07\/WhatsApp-Image-2023-07-03-at-15.16.21-1-300x225.jpeg 300w, https:\/\/domineklogistics.es\/wp-content\/uploads\/2023\/07\/WhatsApp-Image-2023-07-03-at-15.16.21-1-768x576.jpeg 768w\" sizes=\"(max-width: 1024px) 100vw, 1024px\" \/>\t\t\t\t\t\t\t\t\t\t\t\t\t\t\t<\/div>\n\t\t\t\t<\/div>\n\t\t\t\t\t<\/div>\n\t\t<\/div>\n\t\t\t\t\t<\/div>\n\t\t<\/section>\n\t\t\t\t<\/div>\n\t\t","protected":false},"excerpt":{"rendered":"<p>QUI\u00c9NES SOMOS Company Founder Pablo Dominek Somos una firma especializada en dise\u00f1o, provisi\u00f3n e implementaci\u00f3n de soluciones tecnol\u00f3gicas. En este sentido, tenemos la capacidad de Dise\u00f1ar, Instalar y Mantener proyectos de gran envergadura garantizando los m\u00e1s altos niveles de calidad. Contamos con expertos con m\u00e1s de 20 a\u00f1os en el sector, brindamos nuestros servicios a [&hellip;]<\/p>\n","protected":false},"author":1,"featured_media":0,"parent":0,"menu_order":0,"comment_status":"closed","ping_status":"closed","template":"elementor_header_footer","meta":{"site-sidebar-layout":"no-sidebar","site-content-layout":"page-builder","ast-site-content-layout":"default","site-content-style":"default","site-sidebar-style":"default","ast-global-header-display":"","ast-banner-title-visibility":"","ast-main-header-display":"","ast-hfb-above-header-display":"","ast-hfb-below-header-display":"","ast-hfb-mobile-header-display":"","site-post-title":"disabled","ast-breadcrumbs-content":"","ast-featured-img":"disabled","footer-sml-layout":"","ast-disable-related-posts":"","theme-transparent-header-meta":"default","adv-header-id-meta":"","stick-header-meta":"","header-above-stick-meta":"","header-main-stick-meta":"","header-below-stick-meta":"","astra-migrate-meta-layouts":"default","ast-page-background-enabled":"default","ast-page-background-meta":{"desktop":{"background-color":"","background-image":"","background-repeat":"repeat","background-position":"center center","background-size":"auto","background-attachment":"scroll","background-type":"","background-media":"","overlay-type":"","overlay-color":"","overlay-opacity":"","overlay-gradient":""},"tablet":{"background-color":"","background-image":"","background-repeat":"repeat","background-position":"center center","background-size":"auto","background-attachment":"scroll","background-type":"","background-media":"","overlay-type":"","overlay-color":"","overlay-opacity":"","overlay-gradient":""},"mobile":{"background-color":"","background-image":"","background-repeat":"repeat","background-position":"center center","background-size":"auto","background-attachment":"scroll","background-type":"","background-media":"","overlay-type":"","overlay-color":"","overlay-opacity":"","overlay-gradient":""}},"ast-content-background-meta":{"desktop":{"background-color":"var(--ast-global-color-5)","background-image":"","background-repeat":"repeat","background-position":"center center","background-size":"auto","background-attachment":"scroll","background-type":"","background-media":"","overlay-type":"","overlay-color":"","overlay-opacity":"","overlay-gradient":""},"tablet":{"background-color":"var(--ast-global-color-5)","background-image":"","background-repeat":"repeat","background-position":"center center","background-size":"auto","background-attachment":"scroll","background-type":"","background-media":"","overlay-type":"","overlay-color":"","overlay-opacity":"","overlay-gradient":""},"mobile":{"background-color":"var(--ast-global-color-5)","background-image":"","background-repeat":"repeat","background-position":"center center","background-size":"auto","background-attachment":"scroll","background-type":"","background-media":"","overlay-type":"","overlay-color":"","overlay-opacity":"","overlay-gradient":""}},"footnotes":""},"class_list":["post-205","page","type-page","status-publish","hentry"],"_links":{"self":[{"href":"https:\/\/domineklogistics.es\/index.php?rest_route=\/wp\/v2\/pages\/205","targetHints":{"allow":["GET"]}}],"collection":[{"href":"https:\/\/domineklogistics.es\/index.php?rest_route=\/wp\/v2\/pages"}],"about":[{"href":"https:\/\/domineklogistics.es\/index.php?rest_route=\/wp\/v2\/types\/page"}],"author":[{"embeddable":true,"href":"https:\/\/domineklogistics.es\/index.php?rest_route=\/wp\/v2\/users\/1"}],"replies":[{"embeddable":true,"href":"https:\/\/domineklogistics.es\/index.php?rest_route=%2Fwp%2Fv2%2Fcomments&post=205"}],"version-history":[{"count":44,"href":"https:\/\/domineklogistics.es\/index.php?rest_route=\/wp\/v2\/pages\/205\/revisions"}],"predecessor-version":[{"id":738,"href":"https:\/\/domineklogistics.es\/index.php?rest_route=\/wp\/v2\/pages\/205\/revisions\/738"}],"wp:attachment":[{"href":"https:\/\/domineklogistics.es\/index.php?rest_route=%2Fwp%2Fv2%2Fmedia&parent=205"}],"curies":[{"name":"wp","href":"https:\/\/api.w.org\/{rel}","templated":true}]}}